{"id":39940,"date":"2025-07-25T04:58:41","date_gmt":"2025-07-25T01:58:41","guid":{"rendered":"https:\/\/karartmarble.com\/?post_type=product&#038;p=39940"},"modified":"2025-07-25T05:13:55","modified_gmt":"2025-07-25T02:13:55","slug":"palissandro-mermer-plaka","status":"publish","type":"product","link":"https:\/\/www.karartmarble.com\/tr\/urun\/palissandro-mermer-plaka\/","title":{"rendered":"Palissandro Mermer Plaka <br><span class=\"ata_title\"> T\u00fcm Y\u00fczeyler<\/span>"},"content":{"rendered":"\t\t<div data-elementor-type=\"wp-post\" data-elementor-id=\"39940\" class=\"elementor elementor-39940 elementor-39903\" data-elementor-post-type=\"product\">\n\t\t\t\t\t\t<section class=\"elementor-section elementor-top-section elementor-element elementor-element-0d75d4a elementor-section-boxed elementor-section-height-default elementor-section-height-default\" data-id=\"0d75d4a\" data-element_type=\"section\" data-e-type=\"section\">\n\t\t\t\t\t\t<div class=\"elementor-container elementor-column-gap-default\">\n\t\t\t\t\t<div class=\"elementor-column elementor-col-100 elementor-top-column elementor-element elementor-element-439709d\" data-id=\"439709d\" data-element_type=\"column\" data-e-type=\"column\">\n\t\t\t<div class=\"elementor-widget-wrap elementor-element-populated\">\n\t\t\t\t\t\t<div class=\"elementor-element elementor-element-fedd9b7 elementor-widget elementor-widget-etheme_gallery\" data-id=\"fedd9b7\" data-element_type=\"widget\" data-e-type=\"widget\" data-settings=\"{&quot;type&quot;:&quot;grid&quot;,&quot;columns&quot;:{&quot;unit&quot;:&quot;px&quot;,&quot;size&quot;:3,&quot;sizes&quot;:[]},&quot;columns_tablet&quot;:{&quot;unit&quot;:&quot;px&quot;,&quot;size&quot;:3,&quot;sizes&quot;:[]},&quot;columns_mobile&quot;:{&quot;unit&quot;:&quot;px&quot;,&quot;size&quot;:2,&quot;sizes&quot;:[]},&quot;columns_gap&quot;:{&quot;unit&quot;:&quot;px&quot;,&quot;size&quot;:10,&quot;sizes&quot;:[]},&quot;columns_gap_tablet&quot;:{&quot;unit&quot;:&quot;px&quot;,&quot;size&quot;:&quot;&quot;,&quot;sizes&quot;:[]},&quot;columns_gap_mobile&quot;:{&quot;unit&quot;:&quot;px&quot;,&quot;size&quot;:&quot;&quot;,&quot;sizes&quot;:[]},&quot;rows_gap&quot;:{&quot;unit&quot;:&quot;px&quot;,&quot;size&quot;:10,&quot;sizes&quot;:[]},&quot;rows_gap_tablet&quot;:{&quot;unit&quot;:&quot;px&quot;,&quot;size&quot;:&quot;&quot;,&quot;sizes&quot;:[]},&quot;rows_gap_mobile&quot;:{&quot;unit&quot;:&quot;px&quot;,&quot;size&quot;:&quot;&quot;,&quot;sizes&quot;:[]}}\" data-widget_type=\"etheme_gallery.default\">\n\t\t\t\t<div class=\"elementor-widget-container\">\n\t\t\t\t\t<div class=\"elementor-panel-alert elementor-panel-alert-elementor-panel-alert-warning\">Please, add images to create gallery<\/div>\t\t\t\t<\/div>\n\t\t\t\t<\/div>\n\t\t\t\t\t<\/div>\n\t\t<\/div>\n\t\t\t\t\t<\/div>\n\t\t<\/section>\n\t\t\t\t<section class=\"elementor-section elementor-top-section elementor-element elementor-element-e4cb41d elementor-section-boxed elementor-section-height-default elementor-section-height-default\" data-id=\"e4cb41d\" data-element_type=\"section\" data-e-type=\"section\">\n\t\t\t\t\t\t<div class=\"elementor-container elementor-column-gap-default\">\n\t\t\t\t\t<div class=\"elementor-column elementor-col-100 elementor-top-column elementor-element elementor-element-0c84001\" data-id=\"0c84001\" data-element_type=\"column\" data-e-type=\"column\">\n\t\t\t<div class=\"elementor-widget-wrap elementor-element-populated\">\n\t\t\t\t\t\t<div class=\"elementor-element elementor-element-6cc9c29 elementor-widget elementor-widget-text-editor\" data-id=\"6cc9c29\" data-element_type=\"widget\" data-e-type=\"widget\" data-widget_type=\"text-editor.default\">\n\t\t\t\t<div class=\"elementor-widget-container\">\n\t\t\t\t\t\t\t\t\t<p><strong>Palissandro merme<\/strong>r zarif damar yap\u0131s\u0131 ve yumu\u015fak renk ge\u00e7i\u015fleriyle \u00f6ne \u00e7\u0131kan, \u0130talya men\u015feli l\u00fcks bir do\u011fal ta\u015ft\u0131r. Genellikle a\u00e7\u0131k bej, gri, mavi-gri ve kahverengi tonlar\u0131n\u0131n h\u00e2kim oldu\u011fu bu mermer t\u00fcr\u00fc; \u015feritli, dalgal\u0131 ya da bulutumsu damar desenleriyle do\u011fal bir sanat eseri g\u00f6r\u00fcn\u00fcm\u00fcndedir. Her plaka e\u015fsizdir ve bu da Palissandro\u2019yu \u00f6zel ve prestijli projeler i\u00e7in ideal k\u0131lar.<\/p><p>Estetik yap\u0131s\u0131n\u0131n yan\u0131 s\u0131ra sa\u011flaml\u0131\u011f\u0131yla da bilinen Palissandro mermer, hem i\u00e7 hem d\u0131\u015f mek\u00e2n uygulamalar\u0131nda kullan\u0131labilir. \u00d6zellikle otel lobileri, l\u00fcks konutlar, banyo ve mutfak y\u00fczeyleri, duvar kaplamalar\u0131, zemin d\u00f6\u015femeleri ve \u015f\u00f6mine \u00e7evrelerinde s\u0131k\u00e7a tercih edilir. Milan\u2019daki Arco della Pace (Bar\u0131\u015f Tak\u0131): 19. y\u00fczy\u0131lda in\u015fa edilen bu an\u0131tsal yap\u0131, 10 metreden uzun monolitik s\u00fctunlar\u0131yla Palissandro mermerden yap\u0131lm\u0131\u015ft\u0131r. G\u00f6rkemli yap\u0131s\u0131yla ta\u015f\u0131n hem estetik hem mekanik dayan\u0131m\u0131n\u0131 g\u00f6zler \u00f6n\u00fcne serer<\/p><p>Pavia Katedrali: 15. y\u00fczy\u0131l ba\u015flar\u0131nda in\u015fa edilen katedralde, Palissandro mermer s\u00fctunlar dikkat \u00e7ekici mimari detaylar aras\u0131nda yer al\u0131r ve ta\u015f\u0131n tarihi dayan\u0131kl\u0131l\u0131\u011f\u0131n\u0131 sergiler .<\/p>\t\t\t\t\t\t\t\t<\/div>\n\t\t\t\t<\/div>\n\t\t\t\t\t<\/div>\n\t\t<\/div>\n\t\t\t\t\t<\/div>\n\t\t<\/section>\n\t\t\t\t<section class=\"elementor-section elementor-top-section elementor-element elementor-element-63b74620 elementor-section-boxed elementor-section-height-default elementor-section-height-default\" data-id=\"63b74620\" data-element_type=\"section\" data-e-type=\"section\">\n\t\t\t\t\t\t<div class=\"elementor-container elementor-column-gap-default\">\n\t\t\t\t\t<div class=\"elementor-column elementor-col-100 elementor-top-column elementor-element elementor-element-79126a68\" data-id=\"79126a68\" data-element_type=\"column\" data-e-type=\"column\">\n\t\t\t<div class=\"elementor-widget-wrap elementor-element-populated\">\n\t\t\t\t\t\t\t<\/div>\n\t\t<\/div>\n\t\t\t\t\t<\/div>\n\t\t<\/section>\n\t\t\t\t<\/div>\n\t\t","protected":false},"excerpt":{"rendered":"[table id=289\/]\n","protected":false},"featured_media":40128,"comment_status":"open","ping_status":"closed","template":"","meta":{"inline_featured_image":false},"etheme_brands":[{"term_id":365,"name":"karartmarble","slug":"karartmarble-tr","term_group":0,"term_taxonomy_id":365,"taxonomy":"brand","description":"","parent":0,"count":91,"filter":"raw"}],"product_brand":[],"product_cat":[402,404],"product_tag":[],"class_list":{"0":"post-39940","1":"product","2":"type-product","3":"status-publish","4":"has-post-thumbnail","6":"brand-karartmarble-tr","7":"product_cat-plakalar","8":"product_cat-tum-urunler","10":"first","11":"outofstock","12":"shipping-taxable","13":"purchasable","14":"product-type-variable"},"_links":{"self":[{"href":"https:\/\/www.karartmarble.com\/tr\/wp-json\/wp\/v2\/product\/39940","targetHints":{"allow":["GET"]}}],"collection":[{"href":"https:\/\/www.karartmarble.com\/tr\/wp-json\/wp\/v2\/product"}],"about":[{"href":"https:\/\/www.karartmarble.com\/tr\/wp-json\/wp\/v2\/types\/product"}],"replies":[{"embeddable":true,"href":"https:\/\/www.karartmarble.com\/tr\/wp-json\/wp\/v2\/comments?post=39940"}],"version-history":[{"count":6,"href":"https:\/\/www.karartmarble.com\/tr\/wp-json\/wp\/v2\/product\/39940\/revisions"}],"predecessor-version":[{"id":40175,"href":"https:\/\/www.karartmarble.com\/tr\/wp-json\/wp\/v2\/product\/39940\/revisions\/40175"}],"wp:featuredmedia":[{"embeddable":true,"href":"https:\/\/www.karartmarble.com\/tr\/wp-json\/wp\/v2\/media\/40128"}],"wp:attachment":[{"href":"https:\/\/www.karartmarble.com\/tr\/wp-json\/wp\/v2\/media?parent=39940"}],"wp:term":[{"taxonomy":"brand","embeddable":true,"href":"https:\/\/www.karartmarble.com\/tr\/wp-json\/wp\/v2\/etheme_brands?post=39940"},{"taxonomy":"product_brand","embeddable":true,"href":"https:\/\/www.karartmarble.com\/tr\/wp-json\/wp\/v2\/product_brand?post=39940"},{"taxonomy":"product_cat","embeddable":true,"href":"https:\/\/www.karartmarble.com\/tr\/wp-json\/wp\/v2\/product_cat?post=39940"},{"taxonomy":"product_tag","embeddable":true,"href":"https:\/\/www.karartmarble.com\/tr\/wp-json\/wp\/v2\/product_tag?post=39940"}],"curies":[{"name":"wp","href":"https:\/\/api.w.org\/{rel}","templated":true}]}}

Palissandro Mermer Plaka <br><span class="ata_title"> Tüm Yüzeyler</span>

<div data-elementor-type="wp-post" data-elementor-id="39940" class="elementor elementor-39940 elementor-39903" data-elementor-post-type="product">
						<section class="elementor-section elementor-top-section elementor-element elementor-element-0d75d4a elementor-section-boxed elementor-section-height-default elementor-section-height-default" data-id="0d75d4a" data-element_type="section" data-e-type="section">
						<div class="elementor-container elementor-column-gap-default">
					<div class="elementor-column elementor-col-100 elementor-top-column elementor-element elementor-element-439709d" data-id="439709d" data-element_type="column" data-e-type="column">
			<div class="elementor-widget-wrap elementor-element-populated">
						<div class="elementor-element elementor-element-fedd9b7 elementor-widget elementor-widget-etheme_gallery" data-id="fedd9b7" data-element_type="widget" data-e-type="widget" data-settings="{&quot;type&quot;:&quot;grid&quot;,&quot;columns&quot;:{&quot;unit&quot;:&quot;px&quot;,&quot;size&quot;:3,&quot;sizes&quot;:[]},&quot;columns_tablet&quot;:{&quot;unit&quot;:&quot;px&quot;,&quot;size&quot;:3,&quot;sizes&quot;:[]},&quot;columns_mobile&quot;:{&quot;unit&quot;:&quot;px&quot;,&quot;size&quot;:2,&quot;sizes&quot;:[]},&quot;columns_gap&quot;:{&quot;unit&quot;:&quot;px&quot;,&quot;size&quot;:10,&quot;sizes&quot;:[]},&quot;columns_gap_tablet&quot;:{&quot;unit&quot;:&quot;px&quot;,&quot;size&quot;:&quot;&quot;,&quot;sizes&quot;:[]},&quot;columns_gap_mobile&quot;:{&quot;unit&quot;:&quot;px&quot;,&quot;size&quot;:&quot;&quot;,&quot;sizes&quot;:[]},&quot;rows_gap&quot;:{&quot;unit&quot;:&quot;px&quot;,&quot;size&quot;:10,&quot;sizes&quot;:[]},&quot;rows_gap_tablet&quot;:{&quot;unit&quot;:&quot;px&quot;,&quot;size&quot;:&quot;&quot;,&quot;sizes&quot;:[]},&quot;rows_gap_mobile&quot;:{&quot;unit&quot;:&quot;px&quot;,&quot;size&quot;:&quot;&quot;,&quot;sizes&quot;:[]}}" data-widget_type="etheme_gallery.default">
				<div class="elementor-widget-container">
					<div class="elementor-panel-alert elementor-panel-alert-elementor-panel-alert-warning">Please, add images to create gallery</div>				</div>
				</div>
					</div>
		</div>
					</div>
		</section>
				<section class="elementor-section elementor-top-section elementor-element elementor-element-e4cb41d elementor-section-boxed elementor-section-height-default elementor-section-height-default" data-id="e4cb41d" data-element_type="section" data-e-type="section">
						<div class="elementor-container elementor-column-gap-default">
					<div class="elementor-column elementor-col-100 elementor-top-column elementor-element elementor-element-0c84001" data-id="0c84001" data-element_type="column" data-e-type="column">
			<div class="elementor-widget-wrap elementor-element-populated">
						<div class="elementor-element elementor-element-6cc9c29 elementor-widget elementor-widget-text-editor" data-id="6cc9c29" data-element_type="widget" data-e-type="widget" data-widget_type="text-editor.default">
				<div class="elementor-widget-container">
									<p><strong>Palissandro merme</strong>r zarif damar yapısı ve yumuşak renk geçişleriyle öne çıkan, İtalya menşeli lüks bir doğal taştır. Genellikle açık bej, gri, mavi-gri ve kahverengi tonlarının hâkim olduğu bu mermer türü; şeritli, dalgalı ya da bulutumsu damar desenleriyle doğal bir sanat eseri görünümündedir. Her plaka eşsizdir ve bu da Palissandro’yu özel ve prestijli projeler için ideal kılar.</p><p>Estetik yapısının yanı sıra sağlamlığıyla da bilinen Palissandro mermer, hem iç hem dış mekân uygulamalarında kullanılabilir. Özellikle otel lobileri, lüks konutlar, banyo ve mutfak yüzeyleri, duvar kaplamaları, zemin döşemeleri ve şömine çevrelerinde sıkça tercih edilir. Milan’daki Arco della Pace (Barış Takı): 19. yüzyılda inşa edilen bu anıtsal yapı, 10 metreden uzun monolitik sütunlarıyla Palissandro mermerden yapılmıştır. Görkemli yapısıyla taşın hem estetik hem mekanik dayanımını gözler önüne serer</p><p>Pavia Katedrali: 15. yüzyıl başlarında inşa edilen katedralde, Palissandro mermer sütunlar dikkat çekici mimari detaylar arasında yer alır ve taşın tarihi dayanıklılığını sergiler .</p>								</div>
				</div>
					</div>
		</div>
					</div>
		</section>
				<section class="elementor-section elementor-top-section elementor-element elementor-element-63b74620 elementor-section-boxed elementor-section-height-default elementor-section-height-default" data-id="63b74620" data-element_type="section" data-e-type="section">
						<div class="elementor-container elementor-column-gap-default">
					<div class="elementor-column elementor-col-100 elementor-top-column elementor-element elementor-element-79126a68" data-id="79126a68" data-element_type="column" data-e-type="column">
			<div class="elementor-widget-wrap elementor-element-populated">
							</div>
		</div>
					</div>
		</section>
				</div>
